{"id":28,"date":"2021-07-08T10:10:07","date_gmt":"2021-07-08T10:10:07","guid":{"rendered":"http:\/\/myfriendteacher.com\/?page_id=28"},"modified":"2022-11-21T10:37:44","modified_gmt":"2022-11-21T08:37:44","slug":"elementor-28","status":"publish","type":"page","link":"https:\/\/myfriendteacher.com\/","title":{"rendered":"Accueil"},"content":{"rendered":"\t\t<div data-elementor-type=\"wp-page\" data-elementor-id=\"28\" class=\"elementor elementor-28\" data-elementor-settings=\"[]\">\n\t\t\t\t\t\t\t<div class=\"elementor-section-wrap\">\n\t\t\t\t\t\t\t<section class=\"elementor-section elementor-top-section elementor-element elementor-element-68c533db elementor-section-content-middle elementor-section-boxed elementor-section-height-default elementor-section-height-default\" data-id=\"68c533db\" data-element_type=\"section\" data-settings=\"{&quot;background_background&quot;:&quot;classic&quot;}\">\n\t\t\t\t\t\t\t<div class=\"elementor-background-overlay\"><\/div>\n\t\t\t\t\t\t\t<div class=\"elementor-container elementor-column-gap-no\">\n\t\t\t\t\t<div class=\"elementor-column elementor-col-100 elementor-top-column elementor-element elementor-element-514c42ec\" data-id=\"514c42ec\" data-element_type=\"column\">\n\t\t\t<div class=\"elementor-widget-wrap elementor-element-populated\">\n\t\t\t\t\t\t\t\t<div class=\"elementor-element elementor-element-4689de3c elementor-widget elementor-widget-heading\" data-id=\"4689de3c\" data-element_type=\"widget\" data-widget_type=\"heading.default\">\n\t\t\t\t<div class=\"elementor-widget-container\">\n\t\t\t<h2 class=\"elementor-heading-title elementor-size-default\">Le fran\u00e7ais en... chantant !<\/h2>\t\t<\/div>\n\t\t\t\t<\/div>\n\t\t\t\t<div class=\"elementor-element elementor-element-0308e9a elementor-widget elementor-widget-heading\" data-id=\"0308e9a\" data-element_type=\"widget\" data-widget_type=\"heading.default\">\n\t\t\t\t<div class=\"elementor-widget-container\">\n\t\t\t<h1 class=\"elementor-heading-title elementor-size-default\">Le fran\u00e7ais en chansons pour enfants, ados et adultes<\/h1>\t\t<\/div>\n\t\t\t\t<\/div>\n\t\t\t\t\t<\/div>\n\t\t<\/div>\n\t\t\t\t\t\t\t<\/div>\n\t\t<\/section>\n\t\t\t\t<section class=\"elementor-section elementor-top-section elementor-element elementor-element-c0c36f9 elementor-section-boxed elementor-section-height-default elementor-section-height-default\" data-id=\"c0c36f9\" data-element_type=\"section\" data-settings=\"{&quot;background_background&quot;:&quot;classic&quot;}\">\n\t\t\t\t\t\t<div class=\"elementor-container elementor-column-gap-default\">\n\t\t\t\t\t<div class=\"elementor-column elementor-col-100 elementor-top-column elementor-element elementor-element-68e9419\" data-id=\"68e9419\" data-element_type=\"column\">\n\t\t\t<div class=\"elementor-widget-wrap elementor-element-populated\">\n\t\t\t\t\t\t\t\t<div class=\"elementor-element elementor-element-2c60330 elementor-widget elementor-widget-text-editor\" data-id=\"2c60330\" data-element_type=\"widget\" data-widget_type=\"text-editor.default\">\n\t\t\t\t<div class=\"elementor-widget-container\">\n\t\t\t\t\t\t\t<p>La musique fait partie de nos vies. <strong>Myfriendteacher<\/strong> propose des <strong>ressources<\/strong> bas\u00e9es sur des <strong>chansons<\/strong> sp\u00e9cialement con\u00e7ues pour l\u2019<strong>apprentissage du fran\u00e7ais<\/strong>.\u00a0<br \/>La r\u00e9p\u00e9tition, aussi bien <strong>phon\u00e9tique<\/strong> que <strong>lexicale<\/strong>, permet une progression douce mais effective.<br \/>La bonne humeur reste l\u2019ingr\u00e9dient essentiel pour assimiler avec <strong>plaisir<\/strong> et <strong>envie<\/strong> !<br \/><strong>Apprendre en chantant, c\u2019est possible !<\/strong> Nous vous souhaitons beaucoup de plaisir et <strong>des progr\u00e8s enchantants<\/strong> !<\/p>\t\t\t\t\t\t<\/div>\n\t\t\t\t<\/div>\n\t\t\t\t\t<\/div>\n\t\t<\/div>\n\t\t\t\t\t\t\t<\/div>\n\t\t<\/section>\n\t\t\t\t<section class=\"elementor-section elementor-top-section elementor-element elementor-element-fcc8f01 elementor-section-boxed elementor-section-height-default elementor-section-height-default\" data-id=\"fcc8f01\" data-element_type=\"section\">\n\t\t\t\t\t\t<div class=\"elementor-container elementor-column-gap-default\">\n\t\t\t\t\t<div class=\"elementor-column elementor-col-50 elementor-top-column elementor-element elementor-element-1851686\" data-id=\"1851686\" data-element_type=\"column\">\n\t\t\t<div class=\"elementor-widget-wrap elementor-element-populated\">\n\t\t\t\t\t\t\t\t<div class=\"elementor-element elementor-element-5960179 elementor-widget elementor-widget-image\" data-id=\"5960179\" data-element_type=\"widget\" data-widget_type=\"image.default\">\n\t\t\t\t<div class=\"elementor-widget-container\">\n\t\t\t\t\t\t\t\t\t\t\t\t\t\t\t\t<a href=\"https:\/\/myfriendteacher.com\/index.php\/enfants\/\">\n\t\t\t\t\t\t\t<img loading=\"lazy\" decoding=\"async\" width=\"373\" height=\"319\" src=\"https:\/\/myfriendteacher.com\/wp-content\/uploads\/2021\/09\/Page-accueil-vers-Enfants.jpg\" class=\"attachment-large size-large\" alt=\"\" srcset=\"https:\/\/myfriendteacher.com\/wp-content\/uploads\/2021\/09\/Page-accueil-vers-Enfants.jpg 373w, https:\/\/myfriendteacher.com\/wp-content\/uploads\/2021\/09\/Page-accueil-vers-Enfants-300x257.jpg 300w\" sizes=\"auto, (max-width: 373px) 100vw, 373px\" \/>\t\t\t\t\t\t\t\t<\/a>\n\t\t\t\t\t\t\t\t\t\t\t\t\t\t\t<\/div>\n\t\t\t\t<\/div>\n\t\t\t\t<div class=\"elementor-element elementor-element-cc1a231 elementor-widget elementor-widget-heading\" data-id=\"cc1a231\" data-element_type=\"widget\" data-widget_type=\"heading.default\">\n\t\t\t\t<div class=\"elementor-widget-container\">\n\t\t\t<h2 class=\"elementor-heading-title elementor-size-default\"><a href=\"https:\/\/myfriendteacher.com\/index.php\/enfants\/\">Enfants<\/a><\/h2>\t\t<\/div>\n\t\t\t\t<\/div>\n\t\t\t\t\t<\/div>\n\t\t<\/div>\n\t\t\t\t<div class=\"elementor-column elementor-col-50 elementor-top-column elementor-element elementor-element-5da9997\" data-id=\"5da9997\" data-element_type=\"column\">\n\t\t\t<div class=\"elementor-widget-wrap elementor-element-populated\">\n\t\t\t\t\t\t\t\t<div class=\"elementor-element elementor-element-dd5cc9e elementor-widget elementor-widget-image\" data-id=\"dd5cc9e\" data-element_type=\"widget\" data-widget_type=\"image.default\">\n\t\t\t\t<div class=\"elementor-widget-container\">\n\t\t\t\t\t\t\t\t\t\t\t\t\t\t\t\t<a href=\"https:\/\/myfriendteacher.com\/index.php\/elementor-138\/\">\n\t\t\t\t\t\t\t<img loading=\"lazy\" decoding=\"async\" width=\"300\" height=\"300\" src=\"https:\/\/myfriendteacher.com\/wp-content\/uploads\/2021\/12\/adultes.png\" class=\"attachment-large size-large\" alt=\"\" srcset=\"https:\/\/myfriendteacher.com\/wp-content\/uploads\/2021\/12\/adultes.png 300w, https:\/\/myfriendteacher.com\/wp-content\/uploads\/2021\/12\/adultes-150x150.png 150w\" sizes=\"auto, (max-width: 300px) 100vw, 300px\" \/>\t\t\t\t\t\t\t\t<\/a>\n\t\t\t\t\t\t\t\t\t\t\t\t\t\t\t<\/div>\n\t\t\t\t<\/div>\n\t\t\t\t<div class=\"elementor-element elementor-element-fc8b478 elementor-widget elementor-widget-heading\" data-id=\"fc8b478\" data-element_type=\"widget\" data-widget_type=\"heading.default\">\n\t\t\t\t<div class=\"elementor-widget-container\">\n\t\t\t<h2 class=\"elementor-heading-title elementor-size-default\"><a href=\"https:\/\/myfriendteacher.com\/index.php\/elementor-138\/\">Ados et adultes<\/a><\/h2>\t\t<\/div>\n\t\t\t\t<\/div>\n\t\t\t\t\t<\/div>\n\t\t<\/div>\n\t\t\t\t\t\t\t<\/div>\n\t\t<\/section>\n\t\t\t\t<section class=\"elementor-section elementor-top-section elementor-element elementor-element-104803b elementor-section-boxed elementor-section-height-default elementor-section-height-default\" data-id=\"104803b\" data-element_type=\"section\" data-settings=\"{&quot;background_background&quot;:&quot;classic&quot;}\">\n\t\t\t\t\t\t<div class=\"elementor-container elementor-column-gap-default\">\n\t\t\t\t\t<div class=\"elementor-column elementor-col-100 elementor-top-column elementor-element elementor-element-4c1a667\" data-id=\"4c1a667\" data-element_type=\"column\">\n\t\t\t<div class=\"elementor-widget-wrap elementor-element-populated\">\n\t\t\t\t\t\t\t\t<div class=\"elementor-element elementor-element-b966184 elementor-widget elementor-widget-text-editor\" data-id=\"b966184\" data-element_type=\"widget\" data-widget_type=\"text-editor.default\">\n\t\t\t\t<div class=\"elementor-widget-container\">\n\t\t\t\t\t\t\t<p><span style=\"font-weight: bold;\">Le site est en construction. Vous trouverez pour le moment des chansons et exercices pour 10 th\u00e8mes :&nbsp;<span style=\"font-style: inherit;\">salutations, les repas, le mat\u00e9riel scolaire, \u00c0 l&#8217;\u00e9cole (mati\u00e8res, activit\u00e9s, r\u00e9cr\u00e9), le corps et les chiffres de 1 \u00e0 10, les couleurs et les habits, les jours-mois-les saison, la famille, les animaux de la ferme, Halloween, No\u00ebl et l&#8217;hiver, les pirates et le corps.<\/span><\/span><\/p>\n<p><span style=\"font-weight: bold;\"><span style=\"font-style: inherit;\">Pour les adultes vous trouverez des exercices pour 6 chansons et des fiches r\u00e9sum\u00e9 par niveau.<\/span><\/span><\/p>\n<p>Attention ! Il est important de v\u00e9rifier l&#8217;adresse pour le site (myfriendteacher.com) pour ne pas tomber sur un autre site inappropri\u00e9 (quand il manque le &#8220;my&#8221;).&nbsp;<span style=\"font-style: inherit; font-weight: inherit;\">Nous vous conseillons que les \u00e9l\u00e8ves cliquent directement sur le lien (Classroom, cha\u00eene YouTube, etc.).1<\/span><\/p>\t\t\t\t\t\t<\/div>\n\t\t\t\t<\/div>\n\t\t\t\t\t<\/div>\n\t\t<\/div>\n\t\t\t\t\t\t\t<\/div>\n\t\t<\/section>\n\t\t\t\t<section class=\"elementor-section elementor-top-section elementor-element elementor-element-aa2c79c elementor-section-boxed elementor-section-height-default elementor-section-height-default\" data-id=\"aa2c79c\" data-element_type=\"section\">\n\t\t\t\t\t\t<div class=\"elementor-container elementor-column-gap-default\">\n\t\t\t\t\t<div class=\"elementor-column elementor-col-100 elementor-top-column elementor-element elementor-element-899dc65\" data-id=\"899dc65\" data-element_type=\"column\">\n\t\t\t<div class=\"elementor-widget-wrap\">\n\t\t\t\t\t\t\t\t\t<\/div>\n\t\t<\/div>\n\t\t\t\t\t\t\t<\/div>\n\t\t<\/section>\n\t\t\t\t<section class=\"elementor-section elementor-top-section elementor-element elementor-element-d220c5e elementor-section-boxed elementor-section-height-default elementor-section-height-default\" data-id=\"d220c5e\" data-element_type=\"section\" data-settings=\"{&quot;background_background&quot;:&quot;classic&quot;}\">\n\t\t\t\t\t\t<div class=\"elementor-container elementor-column-gap-default\">\n\t\t\t\t\t<div class=\"elementor-column elementor-col-100 elementor-top-column elementor-element elementor-element-2ad414e\" data-id=\"2ad414e\" data-element_type=\"column\">\n\t\t\t<div class=\"elementor-widget-wrap elementor-element-populated\">\n\t\t\t\t\t\t\t\t<div class=\"elementor-element elementor-element-847ac91 elementor-widget elementor-widget-heading\" data-id=\"847ac91\" data-element_type=\"widget\" data-widget_type=\"heading.default\">\n\t\t\t\t<div class=\"elementor-widget-container\">\n\t\t\t<h2 class=\"elementor-heading-title elementor-size-default\">Sur nous :<\/h2>\t\t<\/div>\n\t\t\t\t<\/div>\n\t\t\t\t<section class=\"elementor-section elementor-inner-section elementor-element elementor-element-ca9069b elementor-section-boxed elementor-section-height-default elementor-section-height-default\" data-id=\"ca9069b\" data-element_type=\"section\">\n\t\t\t\t\t\t<div class=\"elementor-container elementor-column-gap-default\">\n\t\t\t\t\t<div class=\"elementor-column elementor-col-33 elementor-inner-column elementor-element elementor-element-857591e\" data-id=\"857591e\" data-element_type=\"column\">\n\t\t\t<div class=\"elementor-widget-wrap elementor-element-populated\">\n\t\t\t\t\t\t\t\t<div class=\"elementor-element elementor-element-f40db9b elementor-widget elementor-widget-text-editor\" data-id=\"f40db9b\" data-element_type=\"widget\" data-widget_type=\"text-editor.default\">\n\t\t\t\t<div class=\"elementor-widget-container\">\n\t\t\t\t\t\t\t<p><span style=\"font-weight: 400;\">Bonjour, je m&#8217;appelle Andrea. Je suis d&#8217;origine guat\u00e9malt\u00e8que, dans mon pays j\u2019ai \u00e9tudi\u00e9 le Design industriel pour travailler dans la conception de meubles ainsi qu\u2019\u00e0 l&#8217;universit\u00e9. Une bourse d\u2019excellence m\u2019a permis de poursuivre mes \u00e9tudes pour me sp\u00e9cialiser en Design interactif \u00e0 TUDelft aux Pays-Bas. Depuis plus de 10 ans, je travaille dans une \u00e9cole \u00e0 Gen\u00e8ve donnant des cours, d&#8217;abord en art et maintenant en technologie. Fin 2021, j\u2019ai termin\u00e9 un master en \u00e9ducation et TIC. Attir\u00e9e depuis toujours par la cr\u00e9ation, je me suis sp\u00e9cialis\u00e9e dans la conception de ressources p\u00e9dagogiques. J&#8217;ai lanc\u00e9 le site myfriendteacher.com \u00e0 la fin du master dans le but de fournir du mat\u00e9riel p\u00e9dagogique gratuit et de qualit\u00e9 \u00e0 toute personne qui en aurait besoin.<\/span><\/p>\t\t\t\t\t\t<\/div>\n\t\t\t\t<\/div>\n\t\t\t\t\t<\/div>\n\t\t<\/div>\n\t\t\t\t<div class=\"elementor-column elementor-col-33 elementor-inner-column elementor-element elementor-element-d0f9333\" data-id=\"d0f9333\" data-element_type=\"column\">\n\t\t\t<div class=\"elementor-widget-wrap elementor-element-populated\">\n\t\t\t\t\t\t\t\t<div class=\"elementor-element elementor-element-3eca636 elementor-widget elementor-widget-image\" data-id=\"3eca636\" data-element_type=\"widget\" data-widget_type=\"image.default\">\n\t\t\t\t<div class=\"elementor-widget-container\">\n\t\t\t\t\t\t\t\t\t\t\t\t\t\t\t<img loading=\"lazy\" decoding=\"async\" width=\"768\" height=\"1024\" src=\"https:\/\/myfriendteacher.com\/wp-content\/uploads\/2022\/03\/Andrea-et-Olivier-768x1024.jpeg\" class=\"attachment-large size-large\" alt=\"\" srcset=\"https:\/\/myfriendteacher.com\/wp-content\/uploads\/2022\/03\/Andrea-et-Olivier-768x1024.jpeg 768w, https:\/\/myfriendteacher.com\/wp-content\/uploads\/2022\/03\/Andrea-et-Olivier-225x300.jpeg 225w, https:\/\/myfriendteacher.com\/wp-content\/uploads\/2022\/03\/Andrea-et-Olivier-1152x1536.jpeg 1152w, https:\/\/myfriendteacher.com\/wp-content\/uploads\/2022\/03\/Andrea-et-Olivier-1536x2048.jpeg 1536w, https:\/\/myfriendteacher.com\/wp-content\/uploads\/2022\/03\/Andrea-et-Olivier-scaled.jpeg 1920w\" sizes=\"auto, (max-width: 768px) 100vw, 768px\" \/>\t\t\t\t\t\t\t\t\t\t\t\t\t\t\t<\/div>\n\t\t\t\t<\/div>\n\t\t\t\t\t<\/div>\n\t\t<\/div>\n\t\t\t\t<div class=\"elementor-column elementor-col-33 elementor-inner-column elementor-element elementor-element-06b8d57\" data-id=\"06b8d57\" data-element_type=\"column\">\n\t\t\t<div class=\"elementor-widget-wrap elementor-element-populated\">\n\t\t\t\t\t\t\t\t<div class=\"elementor-element elementor-element-8e5849f elementor-widget elementor-widget-text-editor\" data-id=\"8e5849f\" data-element_type=\"widget\" data-widget_type=\"text-editor.default\">\n\t\t\t\t<div class=\"elementor-widget-container\">\n\t\t\t\t\t\t\t<p>Je me pr\u00e9sente : Olivier. Passionn\u00e9 par la chanson, j\u2019utilise ce support pendant mes cours pour mes \u00e9l\u00e8ves de 3 \u00e0 84 ans ! Une cinquantaine de chansons \u00e0 texte sous le pseudonyme Louis Matis constitue mon r\u00e9pertoire pour les adultes. Cr\u00e9er fait partie de mon quotidien : auteur de ressources p\u00e9dagogiques, la m\u00e9thode Coucou \u00e9dit\u00e9e chez Samir, m\u2019a permis de marier mes deux passions pour proposer plus de 50 chansons enfantines sous le pseudo AbricodabrA. Enseignant de FLE, de FSL et de FOS pour un public allant des maternelles jusqu\u2019\u00e0 l\u2019universit\u00e9 j\u2019ai enseign\u00e9 dans plusieurs pays et \u00e0 de multiples nationalit\u00e9s. Je suis examinateur\/correcteur CCIP, TEF, DELF Prim, DELF et DALF. Dipl\u00f4m\u00e9 en Sciences du langage, en Histoire et en Management, je cherche toujours \u00e0 me former.<\/p>\t\t\t\t\t\t<\/div>\n\t\t\t\t<\/div>\n\t\t\t\t\t<\/div>\n\t\t<\/div>\n\t\t\t\t\t\t\t<\/div>\n\t\t<\/section>\n\t\t\t\t\t<\/div>\n\t\t<\/div>\n\t\t\t\t\t\t\t<\/div>\n\t\t<\/section>\n\t\t\t\t\t\t<\/div>\n\t\t\t\t\t<\/div>\n\t\t","protected":false},"excerpt":{"rendered":"<p>Le fran\u00e7ais en&#8230; chantant ! Le fran\u00e7ais en chansons pour enfants, ados et adultes La musique fait partie de nos vies. Myfriendteacher propose des ressources bas\u00e9es sur des chansons sp\u00e9cialement con\u00e7ues pour l\u2019apprentissage du fran\u00e7ais.\u00a0La r\u00e9p\u00e9tition, aussi bien phon\u00e9tique que lexicale, permet une progression douce mais effective.La bonne humeur reste l\u2019ingr\u00e9dient essentiel pour assimiler avec &hellip;<\/p>\n<p class=\"read-more\"> <a class=\"\" href=\"https:\/\/myfriendteacher.com\/\"> <span class=\"screen-reader-text\">Accueil<\/span> Read More &raquo;<\/a><\/p>\n","protected":false},"author":1,"featured_media":0,"parent":0,"menu_order":0,"comment_status":"closed","ping_status":"closed","template":"","meta":{"_monsterinsights_skip_tracking":false,"_monsterinsights_sitenote_active":false,"_monsterinsights_sitenote_note":"","_monsterinsights_sitenote_category":0,"footnotes":""},"class_list":["post-28","page","type-page","status-publish","hentry"],"_links":{"self":[{"href":"https:\/\/myfriendteacher.com\/index.php\/wp-json\/wp\/v2\/pages\/28","targetHints":{"allow":["GET"]}}],"collection":[{"href":"https:\/\/myfriendteacher.com\/index.php\/wp-json\/wp\/v2\/pages"}],"about":[{"href":"https:\/\/myfriendteacher.com\/index.php\/wp-json\/wp\/v2\/types\/page"}],"author":[{"embeddable":true,"href":"https:\/\/myfriendteacher.com\/index.php\/wp-json\/wp\/v2\/users\/1"}],"replies":[{"embeddable":true,"href":"https:\/\/myfriendteacher.com\/index.php\/wp-json\/wp\/v2\/comments?post=28"}],"version-history":[{"count":172,"href":"https:\/\/myfriendteacher.com\/index.php\/wp-json\/wp\/v2\/pages\/28\/revisions"}],"predecessor-version":[{"id":2467,"href":"https:\/\/myfriendteacher.com\/index.php\/wp-json\/wp\/v2\/pages\/28\/revisions\/2467"}],"wp:attachment":[{"href":"https:\/\/myfriendteacher.com\/index.php\/wp-json\/wp\/v2\/media?parent=28"}],"curies":[{"name":"wp","href":"https:\/\/api.w.org\/{rel}","templated":true}]}}